))?
2, 3
Suppose -25*m = 3*n - 21*m - 136, m = 1. List the prime factors of n.
2, 11
Let r be -9*(-1 + -1 + 1). Let n = r - 9. Suppose 5*g - 4*f - 102 - 53 = 0, -5*f = n. List the prime factors of g.
31
Suppose -3*f + 842 = 2*a - 0*a, 0 = 2*f + 2*a - 564. What are the prime factors of f?
2, 139
Let w(b) = b**2 - 20*b + 9. Let h be w(19). What are the prime factors of ((-114)/h)/((-7)/(-35))?
3, 19
Suppose 720 = 10*t - 15*t. Let a = -48 - t. Suppose -u = -5*u + a. List the prime factors of u.
2, 3
Suppose -3*i - 5*c + 1030 = 0, -8*c - 1754 = -5*i - 7*c. List the prime factors of i.
2, 5, 7
Suppose 208 = -x + 353. Suppose -91 - x = -2*t - p, -5*p = t - 118. What are the prime factors of t?
2, 59
Let t(f) = 144*f**2 - 4*f - 3. Let p be t(-2). Suppose -4*y + p + 963 = 0. List the prime factors of (-14)/(-21) + y/6.
5, 13
Suppose -134*m - 2385 = -139*m. List the prime factors of m.
3, 53
Suppose -t + 501 = -4*o, -4*t + 0*o + 2018 = -2*o. What are the prime factors of t?
5, 101
Let p(f) = 47*f**2 - 91*f + 544. List the prime factors of p(6).
2, 5, 13
Let m(h) be the third derivative of 5/12*h**4 - 1/60*h**5 + 0*h - h**3 + 2*h**2 + 0. What are the prime factors of m(4)?
2, 3
Suppose b + 5*b = -30. Let m(r) = r**3 + 5*r**2 - 8*r + 7. List the prime factors of m(b).
47
Let v(t) be the second derivative of -t**4/12 - 11*t**3/6 + 7*t**2 + 2*t. Let c be v(-12). What are the prime factors of (100/30)/(c/30)?
2, 5
Let o = -7 - -130. Let q = o - 54. What are the prime factors of q?
3, 23
Let x = 61 - 61. Suppose 5*s - i + 287 - 748 = x, 5*s + 2*i = 473. List the prime factors of s.
3, 31
Let g = 19 + -76. Let a = 236 + g. List the prime factors of a.
179
What are the prime factors of ((-1778)/42)/((-3)/18)?
2, 127
Suppose -16*l = -15*l - 43. Let w = 82 - l. List the prime factors of w.
3, 13
Let d(x) = -6*x**3 + 166*x**2 + 250*x - 54. Let v(a) = a**3 - 33*a**2 - 50*a + 11. Let w(m) = -2*d(m) - 11*v(m). What are the prime factors of w(-29)?
3, 73
Suppose 7*x - 174 = x. Suppose 2*p + x + 29 = w, 2*w = p + 107. What are the prime factors of w?
2, 13
Suppose -z + 2*p + 105 = 0, 4*z + 3*p - 432 + 12 = 0. Suppose -3*t - z = -8*t. Suppose t = 3*n - 2*n. List the prime factors of n.
3, 7
Let d = 790 + -437. What are the prime factors of d?
353
Let u = 11420 - 6038. List the prime factors of u.
2, 3, 13, 23
Suppose 0 = 4*g + 62*h - 65*h - 3090, -5*g + h + 3857 = 0. What are the prime factors of g?
3, 257
Let o(x) = -41*x - 4. Let z be o(-1). List the prime factors of (-5 + 3)/((-76)/z - -2).
37
Let c = 5649 - 3882. What are the prime factors of c?
3, 19, 31
Let i be 3 + (-4)/(-22) + 1008/22. Let b = i + 25. What are the prime factors of b?
2, 37
Let h be 1 + -3 + -1 + 13. Let y = -12 + h. List the prime factors of y - 1/(3/(-30)).
2
List the prime factors of ((-430)/25)/(1 + 11/(-10)).
2, 43
Suppose -5*h + 12 = 2*b - 2*h, -4 = -b - h. Suppose -4*o + 34 - 14 = b. Suppose 4*r + 5*a - 54 = 0, -3*r + 3*a + o = -2*r. List the prime factors of r.
11
Suppose 34*j - 1274 = 32*j. List the prime factors of j.
7, 13
Suppose -y + 4*j + 503 = 62, -6*j = 0. List the prime factors of y.
3, 7
Let r = 7 + -4. Suppose 0*n = -r*n + 186. List the prime factors of n.
2, 31
Suppose 3*u - 49 = -7. Let w be (-4)/(-2) - (9 + -7). Suppose 2*h + w*h + 3*q - 12 = 0, 4*h - u = -q. What are the prime factors of h?
3
Suppose -4*p = 4*a - 2172, -10*a + 11*a = -2*p + 1088. What are the prime factors of p?
5, 109
Suppose -4*s - 584 = -h, 0*s + 2*s = -h + 584. List the prime factors of h.
2, 73
Let y(j) = 19*j**3 - 6*j**2 + 37*j + 2. List the prime factors of y(5).
2, 3, 67
Let r be (-5)/(-4 + 7 - -2). Let j(i) = -83*i**2 + 6*i + 5. Let s(o) = -o**2 + o + 1. Let c(l) = -j(l) + 5*s(l). List the prime factors of c(r).
79
Suppose -1255 = -4*p - 3*l, 0 = 5*p - 4*l + 8*l - 1570. What are the prime factors of p?
2, 5, 31
Let q(a) = -3*a**3 + a**2 + 3*a - 4. Let m be 1/2 - (-15)/(-10). Let p(b) = -b + 1. Let l(z) = m*q(z) - 5*p(z). List the prime factors of l(2).
23
Suppose 0*w - 3*w = -15. Suppose -2*b + 5*v = -0*b - 1, 0 = w*b - v + 32. List the prime factors of -1 - -1 - (-37 - b).
2, 3, 5
Suppose -3*s + 7*s - 8 = 0. Suppose -x = x - s. Let k(u) = 5*u. List the prime factors of k(x).
5
Let i(k) = 9*k + 92. What are the prime factors of i(11)?
191
Let g(l) be the first derivative of l**3/3 + 7*l**2/2 + 4*l + 2. Let b be g(-4). What are the prime factors of 279/8 + b/(-64)?
5, 7
Suppose -3*k + 43 = -t - t, 5*t - k = -75. Let z = t - -43. List the prime factors of z.
29
Let f be -2 - 5 - (2 + -3). Let i = 42 - f. List the prime factors of i.
2, 3
Suppose -2773 - 45316 = -19*s. What are the prime factors of s?
2531
Let c be (-5 - -5)/(1 - 0). Let j be c*(-4)/(-2 - -6). Suppose 3*i + v - 140 = j, -232 = 2*i - 7*i - 2*v. List the prime factors of i.
2, 3
Suppose 0 = -2*x - x. Suppose -5*i + 50 = 3*f - 8*f, -4*i + 2*f + 50 = x. Suppose 3*r - 3*m - i = 0, 5*m - 11 = 3*r - 30. What are the prime factors of r?
3
Suppose -3*q - 92 = -26. Let b = q + 14. List the prime factors of (-52)/b*6*1.
3, 13
Let v = -53 + 77. Let n = -15 + v. List the prime factors of 19 - (0 - n/(-3)).
2
Suppose 7*b - 92 = 258. What are the prime factors of b?
2, 5
Suppose -3*t = -t + n - 623, 0 = -5*n - 15. Let i = 457 - t. List the prime factors of i.
2, 3
Suppose 3*l = -3*g - 2*l + 16, 18 = -g + 3*l. Let w(s) = -3*s - 5. Let k be w(g). Suppose 4*q + 2*a - 118 = 0, k*a = a + 9. What are the prime factors of q?
2, 7
Let q = 3031 - 892. What are the prime factors of q?
3, 23, 31
Suppose 18 = -i - 4. Suppose 2*j - 66 = -g - 0*g, -4*j + 132 = 5*g. Let z = j + i. What are the prime factors of z?
11
Suppose 2*m = 2*j - 685 - 299, -3*j - 2*m + 1481 = 0. What are the prime factors of j?
17, 29
Suppose -2*b = -8*a + 4*a + 1244, -5*a + 1570 = 5*b. What are the prime factors of a?
2, 3, 13
Let m(l) = -2*l - 41. Let p be m(-21). List the prime factors of (-10)/(65/70 - p).
2, 5, 7
Let v(l) = -10*l**2 - 6 - 16*l**2 - 14*l**2 + 59*l**2 + 7*l. List the prime factors of v(3).
2, 3, 31
Let d = -24 + 0. Let q be ((-300)/d)/((-1)/(-4)). Suppose 4*z - 3*v = 40, 5*z = -3*v - 0*v + q. What are the prime factors of z?
2, 5
Let u(d) be the second derivative of -d**3/6 + d**2 + d. Let m be u(4). What are the prime factors of (5/(-2))/(1/m)?
5
Let q = 850 + 856. What are the prime factors of q?
2, 853
Suppose -v = -2*v + 1318. What are the prime factors of v?
2, 659
Let g(u) = -2 - 3*u + 4*u - 3*u. Suppose -3*d + 23 + 43 = -5*p, 4*p + 50 = d. List the prime factors of g(p).
2, 11
Let z be 15/2*(-4)/(-6). Suppose 4*o + 0*b = 3*b + 13, -2*o + 39 = z*b. Suppose -3 - o = -5*k + 3*u, 0 = 2*u - 10. What are the prime factors of k?
5
Let x(y) = -y**3 - 5*y**2 + y + 9. Let k be x(-5). Suppose -5*w + 23 = -k*w. List the prime factors of w.
23
Let j(c) = 6*c**3 + 14*c**2 - 50*c - 10. List the prime factors of j(6).
2, 5, 149
Suppose -z + j = 2 - 15, -2*z + 5*j + 29 = 0. Suppose z = -7*y + 404. What are the prime factors of y?
2, 7
Let c(k) = k**3 - 7*k**2 + 6*k - 2. Let s be c(6). Let t(x) = -2*x**2 - 4*x. Let v be t(s). Let h(a) = -a**3 + a + 43. List the prime factors of h(v).
43
Let f(x) = -2*x + 6 + x - 8*x - x. Let z(t) = -60*t + 35. Let r(o) = -25*f(o) + 4*z(o). List the prime factors of r(4).
2, 3, 5
Let x(y) = -24*y**2 - 4*y + 3. Let k be x(3). List the prime factors of (k/10)/((-9)/12).
2, 3, 5
Let t = 2500 - 814. List the prime factors of t.
2, 3, 281
Suppose 2 = -3*l - 1, -3*o + 22 = -l. List the prime factors of o + (6 + -4 - 2).
7
Suppose -4*b = -16, p + 5*b = -0*b + 22. Suppose h - p*h = 5*l + 13, 2*h + l - 10 = 0. Suppose 0 = h*d - 2*d - 125. What are the prime factors of d?
5
Suppose -6*n = -8*n + 20. List the prime factors of n - 15 - (-103 + 1).
97
List the prime factors of (33/22)/((-2)/(-636)).
3, 53
Let v = 30 - 36. Let z = 38 + v. List the prime factors of z.
2
Let p(n) = 2*n. Let t be p(0). Let z(o) = o**3 - o**2 - o + 94. Let w be z(t). Suppose 0*b = -2*b + w. What are the prime factors of b?
47
Let v be (-3)/(((-30)/8)/(-5)). List the prime factors of -12*(-2)/2*(-18)/v.
2, 3
Suppose -6*l + 2*l = -732. Suppose 247 = 5*i - l. Suppose m - i = -m. What are the prime factors of m?
43
Suppose 3 = -4*q + 15. What are the prime factors of q/2 + (-378)/(